{"id":158,"date":"2014-05-05T20:57:47","date_gmt":"2014-05-05T18:57:47","guid":{"rendered":"http:\/\/pffft.fr\/wp3\/?page_id=158"},"modified":"2022-01-25T17:56:08","modified_gmt":"2022-01-25T16:56:08","slug":"goodies","status":"publish","type":"page","link":"http:\/\/pffft.fr\/wp3\/goodies\/","title":{"rendered":"Goodies"},"content":{"rendered":"<p>Calendrier pr\u00e9apocalyptique du Beau et du Laid<\/p>\n<p>30 mai : belle f\u00eate des m\u00e8res<br \/>\n3 juin : f\u00eate de la redescente<br \/>\n4 juin : f\u00eate de la descendance honteuse<br \/>\n5 juin : f\u00eate des belles-m\u00e8res<br \/>\n6 au 10 juin : f\u00eate des belles-m\u00e8res mortes<br \/>\n11 juin : journ\u00e9e mondiale du vertige<br \/>\n12 juin : f\u00eate des filles \u00e0 papa<br \/>\n13 juin : journ\u00e9e internationale de la bombasse<br \/>\n14 juin : journ\u00e9e houleuse<br \/>\n15 juin : journ\u00e9e morte<br \/>\n16 juin : journ\u00e9e \u00e0 mouscron<br \/>\n17 juin : f\u00eate des fils \u00e0 papa<br \/>\n18 juin : appel aux morts<br \/>\n19 juin : f\u00eate des peaux mortes<br \/>\n20 juin : f\u00eate des beaux-p\u00e8res<br \/>\n21 juin : f\u00eate de la musique portuaire<br \/>\n22 juin : f\u00eate du bruit rose, blanc, rouge et gris<br \/>\n23 juin : rappel aux morts pour les oubli\u00e9s du 18 juin<br \/>\n24 juin : f\u00eate des petits rongeurs morts<br \/>\n25 juin : f\u00eate des grosses des beaux quartiers et du triangle des bermudes<br \/>\n26 juin : f\u00eate des no-life et des jeunes gens mal fagot\u00e9s.<br \/>\n27 juin : after de la f\u00eate des belles-m\u00e8res mortes<br \/>\n28 juin : journ\u00e9e mondiale du rotweiler et de la balafre<br \/>\n29 juin : f\u00eate du gendre id\u00e9al<br \/>\n30 juin : relache<br \/>\n31 juin : tournoi de baby-foot au bar de l&rsquo;industrie<br \/>\n6 juillet : f\u00eate des siamois et des faux-jumeaux que la Nature n&rsquo;a pas toujours su doter \u00e9quitablement<br \/>\n10 juillet : f\u00eate des sots<br \/>\n11 juillet : journ\u00e9e \u00e9ph\u00e9m\u00e8re<br \/>\n12 juillet : f\u00eate des beaufs disparus pr\u00e9matur\u00e9ment<br \/>\n13 juillet : before au sans-soucis, puis f\u00eate des plans culs<br \/>\n14 juillet : d\u00e9fil\u00e9<br \/>\n15 juillet : journ\u00e9e corr\u00e9zienne des plans foireux<br \/>\n16 juillet : f\u00eate des ados suicidaires<br \/>\n18 juillet : f\u00eate des grabataires \u00e0 deux doigts de la fin<br \/>\n19 juillet : journ\u00e9e europ\u00e9enne de la diode \u00e9lectroluminescente \u00e0 Cergy-Pontoise<br \/>\n28 au 31 juillet : journ\u00e9es marnaises du pied-bot et de l&rsquo;accord incertain des mots compos\u00e9s.<br \/>\n4 ao\u00fbt : f\u00eate des vraies rousses<br \/>\n5 a\u00f4ut : f\u00eate des poitrines opulantes<br \/>\n6 ao\u00fbt : premi\u00e8re f\u00eate des morts-vivants<br \/>\n7 ao\u00fbt : f\u00eate des muses<br \/>\n8 et 9 ao\u00fbt : journ\u00e9es annul\u00e9es<br \/>\n10 ao\u00fbt : rel\u00e2che.<br \/>\n11 ao\u00fbt : apocalypse (r\u00e9p\u00e9tition g\u00e9n\u00e9rale)<br \/>\n13 ao\u00fbt : f\u00eate du beau jeu<br \/>\n14 ao\u00fbt : f\u00eate de la cellulite et de la varice.<br \/>\n15 ao\u00fbt : f\u00eate \u00e0 marie et ses copines canons<br \/>\n16 ao\u00fbt : journ\u00e9e eurasienne du ragot<br \/>\n17 ao\u00fbt : jour de l&rsquo;oubli<br \/>\n18 ao\u00fbt : journ\u00e9e de l&rsquo;envie irr\u00e9pressible<br \/>\n19 ao\u00fbt : journ\u00e9e nationale des relations avec les Miss France disparues.<br \/>\n20 ao\u00fbt : f\u00eate du goulash<br \/>\n21 ao\u00fbt : jour de gloire<br \/>\n24 ao\u00fbt : journ\u00e9e de manifestation contre la s\u00e9lection naturelle<br \/>\n25 ao\u00fbt : journ\u00e9e de contre-manifestation en faveur de la s\u00e9lection naturelle<br \/>\n26 ao\u00fbt : f\u00eate de la lentille \u00e0 la MJC de Vesoul<br \/>\n31 ao\u00fbt : f\u00eate des jeunes filles \u00e0 la peau de lait<br \/>\n1er septembre : f\u00eate du sacr\u00e9 cul ouais<br \/>\n2 septembre : rentr\u00e9e solaire<br \/>\n25 septembre : f\u00eate du beaujolais<br \/>\n26 septembre : journ\u00e9e de la grande inspirine.<br \/>\n27 septembre : no day<br \/>\n30 septembre : journ\u00e9e de la buche<br \/>\n31 septembre : chasse aux sorci\u00e8res<br \/>\n10 octobre : f\u00eate du bolet<br \/>\n12 octobre : f\u00eate du lait et de ses remont\u00e9es<br \/>\n23 octobre : journ\u00e9e mondiale du co\u00eft ininterrompu<br \/>\n24 octobre : penile fracture &amp; trauma day (f\u00e9ri\u00e9)<br \/>\n2 novembre : seconde f\u00eate des morts-vivants<br \/>\n5 novembre : f\u00eate du sauve-qui-peut<br \/>\n6 au 10 novembre : journ\u00e9es d&rsquo;adieu<br \/>\n11 novembre au 10 mars : f\u00eate continue en 3-8 (carnaval).<br \/>\n11 mars au 28 mai : hungover days (\u00e0 la discr\u00e9tion de sa majest\u00e9 la reine d&rsquo;angleterre).<\/p>\n<p>Par Eddie Andras de Marcy (Ministre de la pr\u00e9diction apocalyptique) et Syd X. Rey (secr\u00e9taire d&rsquo;\u00e9tat au beau et au laid)<\/p>\n","protected":false},"excerpt":{"rendered":"<p>Calendrier pr\u00e9apocalyptique du Beau et du Laid 30 mai : belle f\u00eate des m\u00e8res 3 juin : f\u00eate de la redescente 4 juin : f\u00eate de la descendance honteuse 5 juin : f\u00eate des belles-m\u00e8res 6 au 10 juin : f\u00eate des belles-m\u00e8res mortes 11 juin : journ\u00e9e mondiale du vertige 12 juin : f\u00eate &hellip; <a href=\"http:\/\/pffft.fr\/wp3\/goodies\/\" class=\"more-link\">Continuer la lecture de <span class=\"screen-reader-text\">Goodies<\/span> <span class=\"meta-nav\">&rarr;<\/span><\/a><\/p>\n","protected":false},"author":1,"featured_media":0,"parent":0,"menu_order":8,"comment_status":"open","ping_status":"open","template":"","meta":{"footnotes":""},"class_list":["post-158","page","type-page","status-publish","hentry"],"_links":{"self":[{"href":"http:\/\/pffft.fr\/wp3\/wp-json\/wp\/v2\/pages\/158","targetHints":{"allow":["GET"]}}],"collection":[{"href":"http:\/\/pffft.fr\/wp3\/wp-json\/wp\/v2\/pages"}],"about":[{"href":"http:\/\/pffft.fr\/wp3\/wp-json\/wp\/v2\/types\/page"}],"author":[{"embeddable":true,"href":"http:\/\/pffft.fr\/wp3\/wp-json\/wp\/v2\/users\/1"}],"replies":[{"embeddable":true,"href":"http:\/\/pffft.fr\/wp3\/wp-json\/wp\/v2\/comments?post=158"}],"version-history":[{"count":5,"href":"http:\/\/pffft.fr\/wp3\/wp-json\/wp\/v2\/pages\/158\/revisions"}],"predecessor-version":[{"id":354,"href":"http:\/\/pffft.fr\/wp3\/wp-json\/wp\/v2\/pages\/158\/revisions\/354"}],"wp:attachment":[{"href":"http:\/\/pffft.fr\/wp3\/wp-json\/wp\/v2\/media?parent=158"}],"curies":[{"name":"wp","href":"https:\/\/api.w.org\/{rel}","templated":true}]}}