{"id":47,"date":"2014-05-04T21:05:34","date_gmt":"2014-05-04T19:05:34","guid":{"rendered":"http:\/\/pffft.fr\/wp3\/?page_id=47"},"modified":"2014-05-13T02:03:11","modified_gmt":"2014-05-13T00:03:11","slug":"devenir-agent-dormant","status":"publish","type":"page","link":"http:\/\/pffft.fr\/wp3\/leparti\/devenir-agent-dormant\/","title":{"rendered":"Devenir agent dormant"},"content":{"rendered":"<h3 class=\"post-title entry-title\" style=\"color: #000000;\">DEVENIR AGENT DORMANT DU P.F.T<\/h3>\n<div class=\"post-header\" style=\"color: #000000;\"><\/div>\n<div id=\"post-body-7100371971037379090\" class=\"post-body entry-content\" style=\"color: #000000;\">\n<div dir=\"ltr\">Dans la plupart des partis politiques il y a des militants.<\/p>\n<div>Des militants qui militent.<\/div>\n<div>Et \u00e0 qui l&rsquo;on demande de se comporter<br \/>\ncomme des militaires.<\/div>\n<div>Aux ordres.<\/div>\n<div>\n<div id=\"post-body-4532331370587217670\" class=\"post-body entry-content\">A-t-on mesur\u00e9 \u00e0 quel point \u00eatre militant \u00e9tait limitant ?<\/div>\n<div class=\"post-body entry-content\">Au P.F.T. (Parti Faire un Tour), point de militants.<br \/>\nJamais.<br \/>\nMais des agents dormants.<br \/>\nAgents comme agents secrets.<br \/>\nDormant comme beaux-aux-bois dormant.<br \/>\nDont la principale activit\u00e9 consiste \u00e0 dormir.<br \/>\nEt \u00e0 r\u00eaver.<br \/>\nPour devenir agent dormant du P.F.T. (Pffft pour les intimes),<br \/>\nil suffit de d\u00e9clarer\u00a0dans la zone de commentaire ci-dessous : \u00ab\u00a0Je dors.\u00a0\u00bb<br \/>\nUne bonne partie du programme politique du P.F.T.<br \/>\nprovient de r\u00eaves et r\u00eaveries<br \/>\nqui ont \u00e9t\u00e9 fait(e)s et\u00a0relat\u00e9(e)s<br \/>\ndans cet espace d\u00e9di\u00e9. Dormez bien !<\/div>\n<\/div>\n<\/div>\n<\/div>\n","protected":false},"excerpt":{"rendered":"<p>DEVENIR AGENT DORMANT DU P.F.T Dans la plupart des partis politiques il y a des militants. Des militants qui militent. Et \u00e0 qui l&rsquo;on demande de se comporter comme des militaires. Aux ordres. A-t-on mesur\u00e9 \u00e0 quel point \u00eatre militant \u00e9tait limitant ? Au P.F.T. (Parti Faire un Tour), point de militants. Jamais. Mais des &hellip; <a href=\"http:\/\/pffft.fr\/wp3\/leparti\/devenir-agent-dormant\/\" class=\"more-link\">Continuer la lecture de <span class=\"screen-reader-text\">Devenir agent dormant<\/span> <span class=\"meta-nav\">&rarr;<\/span><\/a><\/p>\n","protected":false},"author":1,"featured_media":0,"parent":44,"menu_order":2,"comment_status":"open","ping_status":"open","template":"","meta":{"footnotes":""},"class_list":["post-47","page","type-page","status-publish","hentry"],"_links":{"self":[{"href":"http:\/\/pffft.fr\/wp3\/wp-json\/wp\/v2\/pages\/47","targetHints":{"allow":["GET"]}}],"collection":[{"href":"http:\/\/pffft.fr\/wp3\/wp-json\/wp\/v2\/pages"}],"about":[{"href":"http:\/\/pffft.fr\/wp3\/wp-json\/wp\/v2\/types\/page"}],"author":[{"embeddable":true,"href":"http:\/\/pffft.fr\/wp3\/wp-json\/wp\/v2\/users\/1"}],"replies":[{"embeddable":true,"href":"http:\/\/pffft.fr\/wp3\/wp-json\/wp\/v2\/comments?post=47"}],"version-history":[{"count":5,"href":"http:\/\/pffft.fr\/wp3\/wp-json\/wp\/v2\/pages\/47\/revisions"}],"predecessor-version":[{"id":207,"href":"http:\/\/pffft.fr\/wp3\/wp-json\/wp\/v2\/pages\/47\/revisions\/207"}],"up":[{"embeddable":true,"href":"http:\/\/pffft.fr\/wp3\/wp-json\/wp\/v2\/pages\/44"}],"wp:attachment":[{"href":"http:\/\/pffft.fr\/wp3\/wp-json\/wp\/v2\/media?parent=47"}],"curies":[{"name":"wp","href":"https:\/\/api.w.org\/{rel}","templated":true}]}}